{"id":28221,"date":"2025-03-17T18:37:44","date_gmt":"2025-03-17T17:37:44","guid":{"rendered":"https:\/\/weingut-woehrle.de\/shop\/produkt\/woehrle-secco-075l\/"},"modified":"2026-04-21T13:20:32","modified_gmt":"2026-04-21T11:20:32","slug":"woehrle-secco-075l","status":"publish","type":"product","link":"https:\/\/weingut-woehrle.de\/shop\/produkt\/woehrle-secco-075l\/","title":{"rendered":"<br>W\u00f6hrle-Secco 0,75l<br>"},"content":{"rendered":"\n<div align=\"left\"><font size=\"-1\"><br \/><\/font><\/div>\n<p><\/p>\n<table WIDTH=\"60%\" BORDER=\"0\" align=\"left\" CELLPADDING=\"0\" CELLSPACING=\"0\"><\/p>\n<tr><\/p>\n<td width=\"53%\"><font size=\"-1\">Artikelnummer:<\/font><\/td>\n<td width=\"47%\"><font size=\"-1\"><strong>2462<\/strong><\/font><\/td>\n<p><\/tr>\n<tr><\/p>\n<td><font size=\"-1\">Inhalt<\/font><\/td>\n<td><font size=\"-1\"><strong>0,75 Ltr.<\/strong><\/font><\/td>\n<p><\/tr>\n<tr ALIGN=\"LEFT\"><\/p>\n<td><font size=\"-1\">Preis\/Ltr.<\/font><\/td>\n<td><font size=\"-1\"><strong>10,27 EUR pro Ltr.<\/strong><\/font><\/td>\n<p><\/tr>\n<tr><\/p>\n<td><font size=\"-1\">Weinart:<\/font><\/td>\n<td><font size=\"-1\"><strong>Perlwein<\/strong><\/font><\/td>\n<p><\/tr>\n<tr><\/p>\n<td><font size=\"-1\">Qualit&auml;tsstufe<\/font><\/td>\n<td><font size=\"-1\"><strong>Qualit\u00e4tswein<\/strong><\/font><\/td>\n<p><\/tr>\n<tr><\/p>\n<td><font size=\"-1\">Rebsorte<\/font><\/td>\n<td><font size=\"-1\"><strong>wei\u00df<\/strong><\/font><\/td>\n<p><\/tr>\n<tr>  <\/p>\n<td><font size=\"-1\">Restzuckergehalt<\/font><\/td>\n<p>  <\/p>\n<td><font size=\"-1\"><strong><\/strong><\/font><\/td>\n<p><\/tr>\n<p><\/p>\n<tr><\/p>\n<td><font size=\"-1\">Alkoholgehalt<\/font><\/td>\n<td><font size=\"-1\"><strong>12,0 Vol. %<\/strong><\/font><\/td>\n<p><\/tr>\n<p><\/p>\n<tr>\n<td><font size=\"-1\">Bio:<\/font><\/td>\n<td><font size=\"-1\"><strong>JA<\/strong><\/font><\/td>\n<\/tr>\n<p><\/p>\n<tr>\n<td><font size=\"-1\">vegan:<\/font><\/td>\n<td><font size=\"-1\"><strong>JA<\/strong><\/font><\/td>\n<\/tr>\n<p><\/p>\n<tr>\n<td><font size=\"-1\">Ursprungsland:<\/font><\/td>\n<td><font size=\"-1\"><strong>DE-\u00d6ko-039 deutsche Landwirtschaft<\/strong><\/font><\/td>\n<\/tr>\n<p><\/p>\n<tr>\n<td><font size=\"-1\">enth\u00e4lt Allergene:<\/font><\/td>\n<td><font size=\"-1\"><strong>Sulfite<\/strong><\/font><\/td>\n<\/tr>\n<tr><\/p>\n<td><font size=\"-1\">S\u00e4ure:<\/font><\/td>\n<td><font size=\"-1\"><strong><\/strong><\/font><\/td>\n<p><\/tr>\n<\/table>\n<p>&nbsp;<\/p>\n<p><\/p>\n<p>&nbsp;<\/p>\n<p><\/p>\n<p>&nbsp;<\/p>\n<p><\/p>\n<p><font size=\"-1\">enth\u00e4lt Sulfite<\/font><\/p>\n","protected":false},"excerpt":{"rendered":"<p>Artikelnummer: 2462 Inhalt 0,75 Ltr. Preis\/Ltr. 10,27 EUR pro Ltr. Weinart: Perlwein Qualit&auml;tsstufe Qualit\u00e4tswein Rebsorte wei\u00df Restzuckergehalt Alkoholgehalt 12,0 Vol. % Bio: JA vegan: JA Ursprungsland: DE-\u00d6ko-039 deutsche Landwirtschaft enth\u00e4lt Allergene: Sulfite S\u00e4ure: &nbsp; &nbsp; &nbsp; enth\u00e4lt Sulfite<\/p>\n","protected":false},"featured_media":28397,"comment_status":"open","ping_status":"closed","template":"","meta":[],"product_brand":[],"product_cat":[2599],"product_tag":[],"class_list":{"0":"post-28221","1":"product","2":"type-product","3":"status-publish","4":"has-post-thumbnail","6":"product_cat-04-sekt-secco-saft","8":"first","9":"instock","10":"taxable","11":"shipping-taxable","12":"purchasable","13":"product-type-simple"},"_links":{"self":[{"href":"https:\/\/weingut-woehrle.de\/shop\/wp-json\/wp\/v2\/product\/28221","targetHints":{"allow":["GET"]}}],"collection":[{"href":"https:\/\/weingut-woehrle.de\/shop\/wp-json\/wp\/v2\/product"}],"about":[{"href":"https:\/\/weingut-woehrle.de\/shop\/wp-json\/wp\/v2\/types\/product"}],"replies":[{"embeddable":true,"href":"https:\/\/weingut-woehrle.de\/shop\/wp-json\/wp\/v2\/comments?post=28221"}],"wp:featuredmedia":[{"embeddable":true,"href":"https:\/\/weingut-woehrle.de\/shop\/wp-json\/wp\/v2\/media\/28397"}],"wp:attachment":[{"href":"https:\/\/weingut-woehrle.de\/shop\/wp-json\/wp\/v2\/media?parent=28221"}],"wp:term":[{"taxonomy":"product_brand","embeddable":true,"href":"https:\/\/weingut-woehrle.de\/shop\/wp-json\/wp\/v2\/product_brand?post=28221"},{"taxonomy":"product_cat","embeddable":true,"href":"https:\/\/weingut-woehrle.de\/shop\/wp-json\/wp\/v2\/product_cat?post=28221"},{"taxonomy":"product_tag","embeddable":true,"href":"https:\/\/weingut-woehrle.de\/shop\/wp-json\/wp\/v2\/product_tag?post=28221"}],"curies":[{"name":"wp","href":"https:\/\/api.w.org\/{rel}","templated":true}]}}

<br>Wöhrle-Secco 0,75l<br>

<div align="left"><font size="-1"><br /></font></div>
<p></p>
<table WIDTH="60%" BORDER="0" align="left" CELLPADDING="0" CELLSPACING="0"></p>
<tr></p>
<td width="53%"><font size="-1">Artikelnummer:</font></td>
<td width="47%"><font size="-1"><strong>2462</strong></font></td>
<p></tr>
<tr></p>
<td><font size="-1">Inhalt</font></td>
<td><font size="-1"><strong>0,75 Ltr.</strong></font></td>
<p></tr>
<tr ALIGN="LEFT"></p>
<td><font size="-1">Preis/Ltr.</font></td>
<td><font size="-1"><strong>10,27 EUR pro Ltr.</strong></font></td>
<p></tr>
<tr></p>
<td><font size="-1">Weinart:</font></td>
<td><font size="-1"><strong>Perlwein</strong></font></td>
<p></tr>
<tr></p>
<td><font size="-1">Qualit&auml;tsstufe</font></td>
<td><font size="-1"><strong>Qualitätswein</strong></font></td>
<p></tr>
<tr></p>
<td><font size="-1">Rebsorte</font></td>
<td><font size="-1"><strong>weiß</strong></font></td>
<p></tr>
<tr>  </p>
<td><font size="-1">Restzuckergehalt</font></td>
<p>  </p>
<td><font size="-1"><strong></strong></font></td>
<p></tr>
<p></p>
<tr></p>
<td><font size="-1">Alkoholgehalt</font></td>
<td><font size="-1"><strong>12,0 Vol. %</strong></font></td>
<p></tr>
<p></p>
<tr>
<td><font size="-1">Bio:</font></td>
<td><font size="-1"><strong>JA</strong></font></td>
</tr>
<p></p>
<tr>
<td><font size="-1">vegan:</font></td>
<td><font size="-1"><strong>JA</strong></font></td>
</tr>
<p></p>
<tr>
<td><font size="-1">Ursprungsland:</font></td>
<td><font size="-1"><strong>DE-Öko-039 deutsche Landwirtschaft</strong></font></td>
</tr>
<p></p>
<tr>
<td><font size="-1">enthält Allergene:</font></td>
<td><font size="-1"><strong>Sulfite</strong></font></td>
</tr>
<tr></p>
<td><font size="-1">Säure:</font></td>
<td><font size="-1"><strong></strong></font></td>
<p></tr>
</table>
<p>&nbsp;</p>
<p></p>
<p>&nbsp;</p>
<p></p>
<p>&nbsp;</p>
<p></p>
<p><font size="-1">enthält Sulfite</font></p>

<p>Artikelnummer: 2462 Inhalt 0,75 Ltr. Preis/Ltr. 10,27 EUR pro Ltr. Weinart: Perlwein Qualit&auml;tsstufe Qualitätswein Rebsorte weiß Restzuckergehalt Alkoholgehalt 12,0 Vol. % Bio: JA vegan: JA Ursprungsland: DE-Öko-039 deutsche Landwirtschaft enthält Allergene: Sulfite Säure: &nbsp; &nbsp; &nbsp; enthält Sulfite</p>
